he units digit of w?
1
Let u(z) = -z**3 - 48*z**2 - 124*z - 2484. What is the ten thousands digit of u(-63)?
6
What is the thousands digit of 26/(-3)*(4185/(-10) + 3)?
3
Suppose -78*n + 25*n + 296268 + 479334 = 0. What is the thousands digit of n?
4
Suppose 5*g - 90997 = -2*c, -5*c + 2*g + 190329 + 37091 = 0. What is the thousands digit of c?
5
Let j = -8 - -5. Let s be (12/6)/((-2)/6*j). Suppose 14*f - 1740 = s*f. What is the units digit of f?
5
Suppose 5*w - 10064 = -4*s, -3*s - 129*w + 7548 = -133*w. What is the units digit of s?
6
Let d be (1 - 3/(-6))*4/2. Suppose 4*r = -8, -8*k + 50 = -d*k - 5*r. Let x(j) = j**3 - 6*j**2 - 15*j + 17. What is the tens digit of x(k)?
2
Let d = 20792 - 3175. What is the tens digit of d?
1
Suppose -27*t + 60*t = 73161. What is the hundreds digit of t?
2
What is the tens digit of (147048/224 - 4)*8 - (-16)/56?
2
Let w be (4/(24/(-9)))/((-9)/(-2328)). Let j be (-2 - 0)/2 - (w - 5). Suppose -7*t + j = -3*t. What is the units digit of t?
8
Let k = 357 - -5276. Suppose 0 = 5*w - 9*w + 3*h + 7513, 4*h + k = 3*w. What is the tens digit of w?
7
Let u(x) = x**2 - 4*x - 3. Let d be u(5). Let z be 10/65 + 24/13. Suppose 0*h = 4*h - z*r - 646, d*r - 495 = -3*h. What is the tens digit of h?
6
Let u(t) = 112*t + 2029. What is the thousands digit of u(146)?
8
Suppose -951*w + 858560 = -931*w. What is the units digit of w?
8
Let n(c) be the first derivative of 7*c**6/180 + c**5/60 + c**4/24 - 14*c**3/3 + 12. Let o(i) be the third derivative of n(i). What is the units digit of o(-3)?
1
Let m be ((-20)/15)/((-4)/(-18)). Let a = -467 - 3. What is the tens digit of 3/m*a - (-2 + 0)?
3
Let k(i) = i**3 + 110*i**2 + 817*i + 430. What is the units digit of k(-100)?
0
Let k = 37 + -37. Suppose 4*r + 5*p - 2667 = 0, -3*p - 4 + 1 = k. What is the units digit of 2/(-9) + r/9?
4
Suppose 9*n + 19777 = 2*m, 4*m = 3*n + 50727 - 11188. What is the tens digit of m?
8
Let c = 94 - 22. Let y = 72 - c. What is the tens digit of -30*((-14)/5 + y/7)?
8
Suppose 10*z - 3626 = -196. Suppose -497 = -4*w + z. Suppose 0 = -4*o + 666 - w. What is the hundreds digit of o?
1
Suppose 5*j + 4*v = 4*j + 19, 0 = 2*j - 4*v + 10. Suppose 5*i + 3*b - 491 - 2469 = 0, -4*b - 1776 = -j*i. What is the units digit of i?
2
Suppose y + 67271 = 2*u, -3529 - 130964 = -4*u - 5*y. What is the units digit of u?
2
What is the units digit of ((-507)/(-52) + -5)*1048?
8
Suppose 5*t - 25 = 0, -2*r - 3*r + 3*t = 45. Let d be ((-52)/(-12))/((-2)/r). Suppose 19*f = d*f + 510. What is the units digit of f?
5
Suppose 0 = 4*m - 3*m + 2*r + 3, 4*r = 5*m - 27. Suppose 53 = 4*c - m. What is the tens digit of (116/6)/(c/(-18) - -1)?
8
Let i(x) = x**2 + 4*x + 1. Let f be i(-5). Let m(p) = 5*p + 23*p + 11 - 10 + 8. What is the units digit of m(f)?
7
Let b = -15254 - -22986. What is the hundreds digit of b?
7
Let t(d) be the third derivative of -d**6/120 - 3*d**5/20 - 5*d**4/12 + 5*d**3/3 - 6*d**2. Let c be t(-9). Let a = c - 33. What is the units digit of a?
7
Let m = 56 + -60. Let p = m + 1. What is the tens digit of (4*(-7)/(-10))/(p/(-90))?
8
Let v be -4 - (-10 + -202 - (-3)/1). Let u = -100 + v. What is the hundreds digit of u?
1
Let h(j) = -j**2 - 14*j + 7. Let k be h(-11). Suppose 40*w = 22480 + k. What is the hundreds digit of w?
5
Let m(z) = -10*z - 10. Let o(i) be the second derivative of -5*i**3/3 - 11*i**2/2 + 4*i. Let t(p) = 5*m(p) - 4*o(p). What is the units digit of t(-6)?
4
Suppose -3*d + 1468 = -2*q - 1673, -4*q = -5*d + 5233. Let k = 2441 - d. What is the hundreds digit of k?
3
Suppose -18*l + 7 - 79 = 0. What is the tens digit of (-2 - (-133)/l)/(129/(-172))?
4
Let l = 14 + 4. Suppose 3*b + l = 510. What is the tens digit of b?
6
Suppose 0*g + 50 = 10*g. Suppose -26*f - g*f = -4650. What is the hundreds digit of f?
1
Suppose 0 = 2*o + 10, -4*j + 0 + 17 = 3*o. Let x be j/5 + 4/10. Suppose k - 3*y = -0*k + 33, -x*k - 2*y + 58 = 0. What is the tens digit of k?
3
Let x(r) = -3*r**3 + 8*r**2 + 2*r - 1. Let p be x(3). What is the units digit of 74/(((-6)/42)/(2/p))?
9
Suppose -158 - 94 = 14*r. What is the units digit of 2040/150*(r/(-4) + -2)?
4
Suppose -15*u = -9*u - 6648. Suppose 1342 = 5*h - u. What is the units digit of h?
0
Let h = -4 - -18. Suppose h*r - 24 = 2*r. Suppose -r*c - 4 = -6. What is the units digit of c?
1
What is the thousands digit of 4/(-10) - ((-56077866)/(-170))/(-37)?
8
Suppose -4*o - 5*d + 32 = 0, -o - 7 = -3*d + 2. Let j(u) = 10*u**2 + 0*u + 0*u**2 + 0 - 3 - u**o - 2*u. What is the hundreds digit of j(6)?
1
Suppose -n - 5*u = -17, -13*n + 8*n - 4*u = -1. Suppose 5*o + 14 = 4*k - 10, 4*o = 2*k - 18. What is the units digit of n*402/(-18) - (k - -1)?
5
Let v = 65163 - 22478. What is the hundreds digit of v?
6
Let i be (148/18)/(9/81). Suppose 77*h - i*h = 2418. What is the hundreds digit of h?
8
Suppose -31*j = -30*j - 5*q - 2702, 2*j = -2*q + 5368. Suppose 0 = -5*m - 4*y + 4450, -6*m + 3*m + y = -j. What is the units digit of m?
4
Suppose 0 = -2*c + c + 36. Let u = c - 44. What is the tens digit of u/(-10)*1*45/2?
1
What is the hundreds digit of ((-252)/147*(-4109)/10)/(9/870)?
0
Let m(p) = -4*p + 4. Suppose 7*k - 8 = 6*k. Let x(a) = a**3 - 8*a**2 - 5. Let q be x(k). What is the tens digit of m(q)?
2
Suppose -159*o = 94181 - 388967. What is the tens digit of o?
5
Let q = -26196 - -52331. What is the thousands digit of q?
6
Let m(u) = -u**3 + u + 1051. Let v be m(0). Suppose -v = -4*q + 2197. What is the units digit of q?
2
Let x(u) be the second derivative of -29*u**3/6 + 17*u**2 - 19*u. What is the tens digit of x(-4)?
5
What is the hundreds digit of (2123 - (-9 - -20)) + -3?
1
Let y(h) = 13*h + 1640. Let d be y(0). Suppose 236*m - d = 235*m. What is the thousands digit of m?
1
Let d be (-5)/20*12/(-3). What is the tens digit of 17083/22 - d/2?
7
Let r = -7532 + 10807. What is the hundreds digit of r?
2
What is the ten thousands digit of (-3)/(((-184576)/138486)/(-4) - (-20)/(-60))?
2
Suppose -i - 1375 = -5*y + 4*i, -1060 = -4*y - 4*i. What is the hundreds digit of -3*(-60)/54*y?
9
Let h(z) = -34*z + 1250. Let u = 774 + -774. What is the units digit of h(u)?
0
Let f = 408 - 405. What is the units digit of f - ((-3726)/3 + 2)?
3
Let o = 15 - 11. Suppose 224*q = 222*q. Suppose 3*b + 287 = 5*p + 62, 5*p - o*b - 220 = q. What is the units digit of p?
8
Suppose x = 3*x + 4*x - 117708. What is the units digit of x?
8
Suppose r + 1 = b, -b + r - 2*r + 9 = 0. Suppose -b*v = -3*v - 96. What is the tens digit of v?
4
Suppose 1801 - 583 = 14*h. Suppose 5*q + 2*r = 240, -5*r - 72 = -4*q + h. What is the tens digit of q?
4
Suppose 2464*g - 81664 = 2442*g. What is the units digit of g?
2
Let g = 267 - 254. Suppose g*x + 2*x - 12615 = 0. What is the units digit of x?
1
Suppose -176*i + 82*i = -177002. What is the units digit of i?
3
Let m(s) = 23*s - 62. Let g be m(3). Suppose g*w + 3584 = 15*w. What is the hundreds digit of w?
4
Let k(a) = 180*a - 93*a + 219 - 86*a. What is the units digit of k(0)?
9
Suppose -3*u - 5*r + 14 = -4*u, -14 = 4*u + r. What is the units digit of (1204 + u)/2 + -4?
6
Suppose 43*g + 62421 = 1142624. What is the ten thousands digit of g?
2
Let p(n) = n**3 + 8*n**2 - 2*n - 15. Let m = 28 + -35. Let u be p(m). Suppose 5*c + u = 2*t, -5*t + c + 120 = 3*c. What is the units digit of t?
4
Suppose -f = 9, 2*c - 57558 = f + 15321. What is the tens digit of c?
3
Suppose 123*f + 172710 = 132*f. What is the units digit of f?
0
Suppose 373707 = 150*d + 131457. What is the thousands digit of d?
1
Let r(s) = 18*s**2 + 102*s - 10. Let y be r(-6). Let f(w) = w**3 - 26*w**2 + 38*w - 114. What is the tens digit of f(y)?
7
Let q = -26181 - -49032. What is the thousands digit of q?
2
Suppose 208*i = 231*i - 26795. What is the hundreds digit of i?
1
Let m = 43 + 93. Suppose -3*v = 12, l + 2*v + m = 5*l. Let w = 151 - l. What is the units digit of w?
9
Suppose 30 = a - 0*a + 3*j, -10 = -2*j. Suppose 5*r - 3 = 4*y + 12, -a = -5*r + 2*y. What is the tens digit of (22/(-3))/(r*(-8)/396)?
2
Suppose 4552*l - 1710865 = 4487*l. What is the hundreds digit of l?
3
Suppose -x + 31*u - 36*u = -51407, 3*x - 154243 = -4*u. What is the ten thousands digit of x?
5
Let n = -191 + 191. Suppose 3*y + n*y + 4*h - 311 = 0, 5*y - 2*h = 553. What is the hundreds digit of y?
1
Wh